d h?
15
Let u(x) = 2*x**2 - 8*x - 4. Let r be u(7). Suppose -4*p + 36 = 3*t - r, 0 = -t + 4*p - 2. What is the highest common factor of 144 and t?
18
Suppose 0*h = -h - 2*t + 6, 3*h - 12 = -4*t. Suppose 5*a - 15 = h, -3*g - 24 = -6*g - 2*a. What is the highest common factor of 12 and g?
6
Let v = -21 - -23. Suppose -v = -3*o + 13. Suppose a = t - 2*t + 68, 5*a = o*t + 320. What is the highest common divisor of 6 and a?
6
Let g(w) = -w**2 + 13*w + 28. Let m be g(15). Let s be (-4 - -6) + (44 + m - -1). Calculate the highest common factor of 5 and s.
5
Let i = -159 - -234. Let k(s) = -20*s + 130. Let f be k(5). What is the greatest common divisor of i and f?
15
Let v = -735 - -957. Calculate the greatest common divisor of 18 and v.
6
Let r = -22 - -24. Suppose 661 = 3*t - 2*v + 4*v, r*t + v - 439 = 0. What is the highest common divisor of t and 31?
31
Let r(w) = 4*w**2 - 6*w + 2. Let c be (-12)/((2 + 0)/(-1)). Let y be r(c). Let j be 1/(3/(-10))*-3. What is the highest common factor of j and y?
10
Suppose 4 + 46 = 5*g + 4*q, 3*g - 30 = 5*q. What is the greatest common factor of 2 and g?
2
Suppose -2*c + 42 = -0. Suppose b - c = -i, 2*b + 29 + 9 = 3*i. Suppose 0 = 4*x + x - 20. Calculate the greatest common factor of i and x.
4
Suppose 3*p = p - 3*f - 10, -3*f + 38 = -4*p. Let a be (-2)/(2 - 3) + 26. Let x be (315/a)/((-3)/p). What is the greatest common factor of x and 330?
30
Let g be 0 - (-18)/4 - (-23)/(-46). Suppose -4*w + 3*i + 454 = 0, g*w + 161 = 4*i + 617. What is the highest common divisor of 28 and w?
28
Let h(g) = g**3 + 13*g**2 + 11*g - 12. Let t be h(-12). Suppose -2*q = n - 83, 2*q = -t*n - 5*n + 87. What is the greatest common factor of 123 and q?
41
Let o(h) = -23*h - 50. Let d be o(-18). What is the greatest common divisor of d and 28?
28
Let m(p) = -3*p - 3. Let o be m(-3). Let v be 33/o - (-3)/2. What is the highest common factor of 35 and v?
7
Let u be 2*1/((-2)/4). Let f(s) = 6*s**2 + 6*s + 9. Let w be f(u). Let r(d) = -4*d - 13. Let t be r(-10). What is the greatest common factor of w and t?
27
Let h(j) = -3*j**3 + j**2. Let x(f) = f**2 + 2*f - 2. Let y = 3 - 5. Let v be x(y). Let p be h(v). Calculate the greatest common divisor of p and 252.
28
Suppose -5*w + 5*d + 25 = -0*w, 2*d = -5*w + 46. Suppose 3*i - 41 = 5*j, -2*i - j = -w - 41. Calculate the greatest common factor of 242 and i.
22
Suppose -3*y + 4*y - 20 = 0. Let x be (-7)/(2 + 45/(-24)). Let m = -6 - x. Calculate the greatest common factor of y and m.
10
Let v(b) = 2*b**3 + 23*b**2 + 11*b. Let u be v(-11). Suppose u = 21*x - 26*x + 100. Calculate the greatest common factor of x and 10.
10
Let i be (1 - 5)*(0 + 2). Let y = 10 + i. Suppose 3*j - 42 = 4*p, -y*j + p + 3*p + 32 = 0. Calculate the greatest common factor of j and 30.
10
Let q(m) = 75*m - 20. Let w be q(5). Suppose -w - 290 = -5*r. Calculate the highest common factor of 86 and r.
43
Let x(f) = 87*f - 1029. Let r be x(12). Calculate the highest common divisor of 15 and r.
15
Let x = 43 + -11. Let i(f) = -139*f - 1171. Let g be i(-9). What is the greatest common divisor of g and x?
16
Suppose 0 = 3*b + 5*m - 379, 18*b + 673 = 23*b - 2*m. Calculate the greatest common factor of b and 21.
7
Let b = -718 + 790. Suppose 0 = 2*u + 5*i - 82, -2*u + 26 = -u - 5*i. Suppose p - 3*p = -u. What is the greatest common divisor of b and p?
18
Suppose 4*b - 2*z = -632, -4*b - 6*z + z - 604 = 0. Let l = -84 - b. Suppose m + g - l = -3*m, 2*m - 26 = -3*g. What is the highest common factor of m and 152?
19
Let w be 47 - (2 + -3)/(-1). Let y = 29 - w. Let u(t) = t**2 + 18*t + 21. Let q be u(y). What is the greatest common factor of q and 4?
4
Let g = 3 + 7. Suppose -3*r = -3 - 6. Suppose r*n + 4 = 3*y + 31, 4*y + 46 = 5*n. Calculate the highest common factor of n and g.
10
Let d(p) = p**2 + 20*p - 20. Let b be d(-21). What is the highest common factor of b and 67?
1
Let d(q) = -q**3 + q - 1. Let f be d(-2). Let c = 266 - 226. What is the highest common factor of c and f?
5
Suppose -2*o + 5 = -4*w + 31, -5*o = 2*w - 19. Calculate the greatest common factor of w and 1106.
7
Suppose 3*a - 3 = 2*a, -4*m = 5*a - 35. Suppose m*z + 20 = -i, -4*z - 10 = i + 6. Suppose 5*u - 57 - 73 = i. What is the greatest common factor of u and 26?
26
Suppose -z = 4*s - 3, 0*z + 7 = 2*s - 5*z. Let c be (s + 23/3)*3. Let v = 39 - c. What is the greatest common factor of v and 143?
13
Let r = -86 + 85. Suppose 0 = 5*v - 2*x - 31, -x - 10 = -5*v - 6*x. Let y be r/((20/(-108))/v). What is the highest common divisor of 3 and y?
3
Let y = -40 - -65. Let n = -13 + y. Suppose -o - d + 39 = 0, o - n - 21 = d. Calculate the highest common factor of 6 and o.
6
Let u = 749 - 405. Calculate the highest common divisor of u and 430.
86
Suppose 6*w - 7*w - 1 = 0. Let y(q) = 69*q**2 - 1. Let g be y(w). What is the highest common factor of g and 17?
17
Suppose 2*j = 2*b - 40, 5*b - 4*j = -0*j + 99. Suppose 0 = -2*y - 77 - b. Let o = y - -133. Calculate the greatest common divisor of 34 and o.
17
Let h(r) = 149*r - 1338. Let p be h(9). Let c(a) = a**2 - a + 1. Let l be c(-4). What is the highest common divisor of l and p?
3
Let a be ((-120)/7)/(25/(-175)). Let u be 0 - (1*-2 - 28). Calculate the highest common factor of u and a.
30
Suppose -10 = -5*j + 15. Suppose -5*q + 0*q = 4*i - 41, -j*i - 4*q + 58 = 0. Let l be 2*(-3 + 108/8). Calculate the greatest common divisor of i and l.
7
Suppose 0 = 2*y - 5 + 1. Suppose 63 = -0*z + 4*z + 3*m, 4*z - 58 = -y*m. What is the greatest common divisor of 4 and z?
4
Let r(d) be the first derivative of -d**4/4 - 2*d**3/3 - d**2 + 5*d + 10. Let s be r(-4). What is the greatest common factor of 18 and s?
9
Let s = 18 - 28. Let v = s - -16. What is the greatest common divisor of v and 6?
6
Let g(k) = -k - 8. Let v be g(-5). Let d be ((-4)/8)/(v/1716). What is the highest common factor of d and 26?
26
Suppose -54*a + 41*a + 650 = 0. Calculate the highest common factor of 25 and a.
25
Let y be 3*-1*(-250)/30. Calculate the highest common factor of y and 625.
25
Suppose 2*a - 3*x = 8, 4*a - 4 = -4*x + 12. Suppose a*l = 3*l + 45. What is the highest common divisor of l and 9?
9
Let m(d) = 168*d**2. Let y be m(-2). What is the highest common divisor of y and 24?
24
Let v = 802 - 296. What is the highest common factor of v and 46?
46
Suppose -38*c - 110 = -40*c - 2*l, 0 = l + 5. Calculate the highest common factor of c and 60.
60
Let r = -90 + 1732. Suppose -3*p + r = 670. What is the highest common divisor of 12 and p?
12
Suppose -2*z + 20 = -14. Let r(m) = m**3 - 30*m**2 + 35*m - 106. Let i be r(29). What is the greatest common factor of i and z?
17
Let b = 8 + -5. Suppose -5*u = b*g + g - 217, 2*u + 4*g = 82. Suppose -5*x + u = -225. What is the greatest common factor of 6 and x?
6
Suppose 12*b = 684 + 396. Calculate the highest common divisor of 225 and b.
45
Let d = 40 + 8. Suppose o = 5*o - 12. Suppose n = -4*p + 48, -3*p - o*n - 18 = -54. Calculate the highest common factor of p and d.
12
Let m = 84 + -78. Suppose 20 = c + 4*c. Calculate the greatest common factor of c and m.
2
Suppose 2*b = 3*d - 28, 1 = d - b - 8. Let g = 23 + d. Calculate the greatest common divisor of g and 11.
11
Let m be 6/(-4)*(-150 + -2) - -4. Calculate the highest common factor of m and 58.
58
Let t be (-2)/((-7)/(329/2)). Let f = 77 - t. Calculate the greatest common factor of 12 and f.
6
Suppose 4*f + 1491 = 2*v - 1137, 4*v - 5292 = -4*f. What is the highest common factor of v and 24?
24
Let s = -17 - -26. Let b(v) = v**3 - 9*v**2 + 2*v - 3. Let f be b(s). Calculate the highest common divisor of f and 165.
15
Suppose -5 + 29 = 8*j. Calculate the highest common factor of 1 and j.
1
Suppose 4*a - a = -3*j + 6171, -a + 2049 = 5*j. What is the highest common factor of a and 71?
71
Suppose -59*q + 51*q = -16. Suppose 5*m + 0*m = -25. Let t(l) = -l**2 - 4*l + 7. Let i be t(m). Calculate the greatest common divisor of i and q.
2
Let l = -66 - -82. What is the greatest common divisor of 112 and l?
16
Suppose 5*d + 5*f = 115, -2*d + 4*f + 68 = 2*d. Let s be d*(2 + (-8)/10). Calculate the greatest common factor of s and 16.
8
Let x = 145 + -75. Suppose -5*z - 150 = -5*r, -r + 3*r - 5*z = 45. What is the highest common factor of r and x?
35
Suppose 4*n - 7 = -5